tor of 15780?
True
Is 11 a factor of 28798?
True
Is 669 a multiple of 9?
False
Is 6090 a multiple of 70?
True
Is 10 a factor of 180?
True
Does 20 divide 3107?
False
Is 14 a factor of 14?
True
Does 14 divide 3766?
True
Does 8 divide 15580?
False
Is 881 even?
False
Does 27 divide 8991?
True
Does 11 divide 46?
False
Is 18 a factor of 432?
True
Is 8 a factor of 18831?
False
Is 2793 a multiple of 62?
False
Is 19 a factor of 733?
False
Is 109 a factor of 85139?
False
Does 2 divide 99?
False
Is 43 a factor of 4538?
False
Does 10 divide 3100?
True
Does 15 divide 1275?
True
Is 6 a factor of 180?
True
Does 6 divide 11802?
True
Does 6 divide 768?
True
Is 68 a factor of 10472?
True
Does 84 divide 1395?
False
Is 704 a multiple of 63?
False
Does 58 divide 7134?
True
Is 12 a factor of 145933?
False
Is 980 a multiple of 20?
True
Does 26 divide 1612?
True
Is 52 a factor of 4576?
True
Is 71 a factor of 8949?
False
Does 67 divide 2198?
False
Does 182 divide 38766?
True
Is 3541 a multiple of 40?
False
Does 36 divide 20284?
False
Is 20 a factor of 580?
True
Is 23 a factor of 2424?
False
Is 19 a factor of 3358?
False
Is 9 a factor of 1411?
False
Does 45 divide 794?
False
Is 2 a factor of 16?
True
Is 141 a factor of 86319?
False
Does 6 divide 298?
False
Is 391 a multiple of 7?
False
Is 46 a factor of 4508?
True
Does 12 divide 5890?
False
Is 624 a multiple of 16?
True
Is 117 a factor of 4513?
False
Does 26 divide 260?
True
Does 77 divide 27586?
False
Is 16065 a multiple of 85?
True
Is 7 a factor of 8507?
False
Does 12 divide 692?
False
Is 60 a factor of 37860?
True
Is 50 a factor of 1570?
False
Is 47 a factor of 20304?
True
Is 10488 a multiple of 76?
True
Is 1428 a multiple of 28?
True
Is 25 a factor of 525?
True
Does 10 divide 1105?
False
Does 65 divide 2145?
True
Is 165 a multiple of 10?
False
Does 14 divide 14?
True
Does 12 divide 1764?
True
Is 2641 a multiple of 19?
True
Does 48 divide 54096?
True
Is 77 a factor of 6605?
False
Is 800 a multiple of 50?
True
Is 22 a factor of 37400?
True
Is 29062 a multiple of 232?
False
Does 17 divide 1589?
False
Is 26398 a multiple of 30?
False
Is 86 a factor of 18843?
False
Does 115 divide 1025?
False
Is 460 a multiple of 10?
True
Is 34074 a multiple of 92?
False
Is 637 a multiple of 50?
False
Is 10 a factor of 539?
False
Is 10092 a multiple of 5?
False
Is 31873 a multiple of 19?
False
Does 12 divide 740?
False
Is 112 a factor of 7504?
True
Does 10 divide 3240?
True
Is 24 a factor of 528?
True
Does 58 divide 6789?
False
Is 388 a multiple of 4?
True
Is 193 a factor of 15633?
True
Is 2050 a multiple of 11?
False
Is 27 a multiple of 9?
True
Is 19701 even?
False
Does 36 divide 18705?
False
Is 62 a factor of 1364?
True
Does 17 divide 32368?
True
Is 2377 a multiple of 28?
False
Does 128 divide 768?
True
Does 8 divide 352?
True
Is 94 a factor of 1040?
False
Is 23337 a multiple of 169?
False
Is 12 a factor of 92654?
False
Does 46 divide 16859?
False
Does 115 divide 4991?
False
Is 2240 a multiple of 17?
False
Is 35 a factor of 10918?
False
Is 470 a multiple of 67?
False
Does 36 divide 4813?
False
Is 10230 a multiple of 30?
True
Does 27 divide 86?
False
Is 1440 a multiple of 18?
True
Is 14 a factor of 27622?
True
Is 6 a factor of 629?
False
Is 56637 a multiple of 203?
True
Is 70076 a multiple of 24?
False
Is 390 a multiple of 13?
True
Is 2070 a multiple of 18?
True
Is 39 a factor of 117?
True
Is 1480 a multiple of 40?
True
Does 170 divide 20829?
False
Is 24 a factor of 2712?
True
Is 42 a factor of 119193?
False
Does 99 divide 2256?
False
Is 5 a factor of 590?
True
Does 6 divide 1284?
True
Does 42 divide 5194?
False
Is 1650 a multiple of 75?
True
Is 97820 a multiple of 268?
True
Is 298 a multiple of 29?
False
Is 3341 a multiple of 38?
False
Is 312 a multiple of 2?
True
Is 8 a factor of 51330?
False
Does 9 divide 72396?
True
Is 2023 a multiple of 119?
True
Is 10 a factor of 3160?
True
Is 46 a factor of 605?
False
Is 124 a factor of 1736?
True
Is 12 a factor of 1163?
False
Is 4286 a multiple of 14?
False
Does 28 divide 1232?
True
Does 63 divide 624?
False
Is 43 a factor of 344?
True
Is 10564 a multiple of 44?
False
Is 9 a factor of 1719?
True
Is 98853 a multiple of 111?
False
Does 160 divide 7957?
False
Is 44 a factor of 3576?
False
Does 49 divide 3122?
False
Is 14 a factor of 1428?
True
Is 17067 a multiple of 92?
False
Is 1569 a multiple of 47?
False
Does 42 divide 1050?
True
Is 182858 a multiple of 27?
False
Does 20 divide 500?
True
Does 105 divide 1995?
True
Is 5 a factor of 150?
True
Is 16 a factor of 19808?
True
Is 256 a multiple of 82?
False
Is 11 a factor of 837?
False
Is 87 a factor of 12267?
True
Does 62 divide 124?
True
Is 5083 a multiple of 23?
True
Is 839 a multiple of 4?
False
Is 8 a factor of 718?
False
Is 10 a factor of 20?
True
Is 70 a factor of 11861?
False
Does 33 divide 83523?
True
Does 5 divide 2910?
True
Is 76 a multiple of 43?
False
Does 17 divide 1049?
False
Does 6 divide 12734?
False
Is 1512 a multiple of 31?
False
Is 12 a factor of 266?
False
Is 77960 a multiple of 20?
True
Is 12 a factor of 1956?
True
Does 31 divide 279?
True
Does 3 divide 119?
False
Does 96 divide 2208?
True
Does 73 divide 6789?
True
Is 16 a factor of 15625?
False
Is 4227 a multiple of 19?
False
Does 40 divide 631?
False
Is 8297 a multiple of 39?
False
Does 16 divide 128?
True
Is 8204 a multiple of 281?
False
Does 13 divide 1780?
False
Is 103 a multiple of 4?
False
Is 50 a factor of 1650?
True
Does 88 divide 773?
False
Is 17292 a multiple of 11?
True
Does 11 divide 1375?
True
Is 67104 a multiple of 9?
True
Is 29 a factor of 38802?
True
Is 2538 a multiple of 10?
False
Is 32022 a multiple of 18?
True
Is 2350 a multiple of 35?
False
Is 61 a factor of 585?
False
Is 116480 a multiple of 14?
True
Does 5 divide 25?
True
Is 6193 a multiple of 72?
False
Is 75 a factor of 1095?
False
Does 40 divide 1630?
False
Does 13 divide 1508?
True
Is 34 a multiple of 6?
False
Is 598 a multiple of 23?
True
Is 206 a multiple of 19?
False
Is 369 a multiple of 7?
False
Is 40794 a multiple of 39?
True
Is 49 a factor of 18371?
False
Is 187 a multiple of 7?
False
Does 17 divide 7633?
True
Does 6 divide 807?
False
Is 1955 a multiple of 115?
True
Is 130 a multiple of 10?
True
Does 3 divide 4099?
False
Is 127 a factor of 7493?
True
Does 51 divide 1893?
False
Is 349 a multiple of 17?
False
Is 8235 a multiple of 15?
True
Is 7 a factor of 770?
True
Is 11 a factor of 1100?
True
Does 10 divide 9870?
True
Does 7 divide 1134?
True
Is 924 a multiple of 22?
True
Is 360 a multiple of 45?
True
Does 55 divide 33708?
False
Is 1092 a multiple of 84?
True
Is 196 a factor of 8428?
True
Is 1043 a multiple of 16?
False
Is 3735 a multiple of 44?
False
Does 19 divide 9901?
False
Is 28985 a multiple of 187?
True
Does 56 divide 14224?
True
Does 64 divide 960?
True
Is 3 a factor of 12?
True
Does 15 divide 3909?
False
Is 753 even?
False
Is 100 a factor of 170694?
False
Is 62 a factor of 5952?
True
Is 55 a factor of 1485?
True
Is 28 a factor of 229572?
True
Does 143 divide 40898?
True
Does 10 divide 26220?
True
Does 68 divide 28152?
True
Is 28158 a multiple of 114?
True
Does 13 divide 50768?
False
Is 50 a multiple of 5?
True
Is 7 a factor of 4053?
True
Is 15665 a multiple of 67?
False
Does 63 divide 2079?
True
Is 51524 a multiple of 12?
False
Is 7 a factor of 802?
False
Is 2262 a multiple of 17?
False
Is 50853 a multiple of 104?
False
Is 270 a multiple of 4?
False
Is 4 a factor of 864?
True
Is 13020 a multiple of 10?
True
Is 28 a factor of 896?
True
Is 145 a factor of 2900?
True
Does 24 divide 1559?
False
Is 20580 a multiple of 84?
True
Is 718 a multiple of 4?
False
Is 26 a multiple of 2?
True
Does 81 divide 8181?
True
Is 3 a factor of 2364?
True
Is 4 a factor of 1859?
False
Is 48 a factor of 1920?
True
Is 24090 a multiple of 219?
True
Is 13454 a multiple of 217?
True
Is 40640 a multiple of 320?
True
Is 6912 a multiple of 48?
True
Is 8 a factor of 88855?
False
Is 494 a multiple of 38?
True
Does 103 divide 1339?
True
Does 8 divide 1701?
False
Does 13 divide 39?
True
Is 45 a factor of 4410?
True
Is 41 a factor of 724?
False
Is 7 a factor of 149?
False
Does 3 divide 283?
False
Is 1496 a multiple of 48?
False
Is 78 a factor of 2031?
False
Does 61 divide 18549?
False
Is 162 a multiple of 9?
True
Is 2363 